{"id":100,"date":"2016-02-16T14:42:52","date_gmt":"2016-02-16T14:42:52","guid":{"rendered":"http:\/\/demo.athemes.com\/astrid\/?page_id=100"},"modified":"2026-05-05T19:04:54","modified_gmt":"2026-05-05T19:04:54","slug":"project-3","status":"publish","type":"page","link":"https:\/\/coaching.edu.pl\/?page_id=100","title":{"rendered":"Zbuduj siln\u0105 mark\u0119 Coacha i Mentora, kt\u00f3ra przyci\u0105ga klient\u00f3w"},"content":{"rendered":"<h3>Cel warsztatu<\/h3>\n<p>Celem warsztatu jest rozwini\u0119cie umiej\u0119tno\u015bci \u015bwiadomego budowania marki osobistej oraz tworzenia i wdra\u017cania strategii marketingowej wspieraj\u0105cej rozw\u00f3j praktyki coachingowej lub mentoringowej.<br \/>\nUczestnicy poznaj\u0105 narz\u0119dzia i podej\u015bcia, kt\u00f3re pozwalaj\u0105 zwi\u0119kszy\u0107 rozpoznawalno\u015b\u0107, precyzyjnie komunikowa\u0107 swoj\u0105 warto\u015b\u0107 oraz skutecznie dociera\u0107 do klient\u00f3w.<\/p>\n<hr \/>\n<h3>Uczestnicy poznaj\u0105:<\/h3>\n<p>\u25cf jak analizowa\u0107 rynek i definiowa\u0107 swoj\u0105 grup\u0119 docelow\u0105<br \/>\n\u25cf jak okre\u015bli\u0107 swoj\u0105 specjalizacj\u0119 i wyr\u00f3\u017cnik (USP)<br \/>\n\u25cf jak budowa\u0107 sp\u00f3jny wizerunek i komunikacj\u0119 marki osobistej<br \/>\n\u25cf jak tworzy\u0107 strategi\u0119 marketingow\u0105 i plan dzia\u0142a\u0144<br \/>\n\u25cf jakie kana\u0142y i narz\u0119dzia marketingowe wykorzystywa\u0107 w praktyce<br \/>\n\u25cf jak tworzy\u0107 anga\u017cuj\u0105cy i warto\u015bciowy content<br \/>\n\u25cf jak budowa\u0107 rozpoznawalno\u015b\u0107 i relacje z odbiorcami<br \/>\n\u25cf jak przek\u0142ada\u0107 wiedz\u0119 i kompetencje na ofert\u0119 i sprzeda\u017c<br \/>\n\u25cf jakie wska\u017aniki (KPI) monitorowa\u0107 i jak ocenia\u0107 efektywno\u015b\u0107 dzia\u0142a\u0144<\/p>\n<hr \/>\n<h3>Dla kogo?<\/h3>\n<p>Warsztat przeznaczony jest dla:<br \/>\n\u25cf coach\u00f3w i mentor\u00f3w buduj\u0105cych lub rozwijaj\u0105cych swoj\u0105 praktyk\u0119<br \/>\n\u25cf absolwent\u00f3w szk\u00f3\u0142 coachingu i mentoringu<br \/>\n\u25cf trener\u00f3w, konsultant\u00f3w i ekspert\u00f3w pracuj\u0105cych z klientami indywidualnymi lub<br \/>\nbiznesowymi<br \/>\n\u25cf os\u00f3b, kt\u00f3re chc\u0105 \u015bwiadomie rozwija\u0107 swoj\u0105 mark\u0119 osobist\u0105 i zwi\u0119kszy\u0107 skuteczno\u015b\u0107<br \/>\ndzia\u0142a\u0144 marketingowych<\/p>\n<p>Program umo\u017cliwia udzia\u0142 zar\u00f3wno osobom na pocz\u0105tku drogi, jak i tym, kt\u00f3re chc\u0105<br \/>\nuporz\u0105dkowa\u0107 i rozwin\u0105\u0107 swoje dotychczasowe dzia\u0142ania.<\/p>\n<hr \/>\n<h3>Ramowy program<\/h3>\n<h4>Dzie\u0144 1 \u2013 Strategia i wizerunek marki osobistej<\/h4>\n<p><em>prowadzenie: Joanna Karwowska-Koza<\/em><br \/>\n\u25cf analiza rynku i konkurencji<br \/>\n\u25cf definiowanie grup docelowych i person<br \/>\n\u25cf okre\u015blenie cel\u00f3w (biznesowych, marketingowych, osobistych) oraz KPI<br \/>\n\u25cf analiza w\u0142asnych zasob\u00f3w (SWOT, do\u015bwiadczenie, kompetencje)<br \/>\n\u25cf definiowanie wyr\u00f3\u017cnika rynkowego (USP, RTB) i specjalizacji<br \/>\n\u25cf pozycjonowanie marki osobistej oraz jej kluczowe elementy (warto\u015bci, ton<br \/>\nkomunikacji, sp\u00f3jno\u015b\u0107)<br \/>\n\u25cf okre\u015blenie roli i warto\u015bci dla klienta (jakie problemy rozwi\u0105zujesz)<br \/>\n\u25cf przygotowanie BIO i podstawowej prezentacji eksperckiej<br \/>\n\u25cf elevator pitch \u2013 przygotowanie i praktyka<br \/>\n\u25cf dzia\u0142ania zwi\u0119kszaj\u0105ce rozpoznawalno\u015b\u0107 (networking, wydarzenia, wsp\u00f3\u0142prace)<br \/>\n\u25cf czynniki wzmacniaj\u0105ce i os\u0142abiaj\u0105ce mark\u0119 osobist\u0105<\/p>\n<h4>Dzie\u0144 2 \u2013 Marketing, komunikacja i sprzeda\u017c<\/h4>\n<p><em>prowadzenie: Karolina Karolczak<\/em><\/p>\n<p>\u25cf uporz\u0105dkowanie element\u00f3w marki osobistej i kierunk\u00f3w jej rozwoju<br \/>\n\u25cf budowanie person oraz identyfikacja potrzeb i \u201epunkt\u00f3w b\u00f3lu\u201d klient\u00f3w<br \/>\n\u25cf tworzenie strategii marketingowej i planu dzia\u0142a\u0144<br \/>\n\u25cf dob\u00f3r i monitorowanie kluczowych wska\u017anik\u00f3w (KPI)<br \/>\n\u25cf rozw\u00f3j oferty \u2013 od dzia\u0142a\u0144 offline do online (monetyzacja wiedzy)<br \/>\n\u25cf strategie dzia\u0142ania w social media (dob\u00f3r kana\u0142\u00f3w, kierunki rozwoju)<br \/>\n\u25cf strategia contentowa (tematy, formaty, harmonogram, dystrybucja)<br \/>\n\u25cf lejek marketingowy i praca z klientem w procesie sprzeda\u017cy<br \/>\n\u25cf przek\u0142adanie strategii na konkretne dzia\u0142ania i decyzje<br \/>\n\u25cf utrzymanie konsekwencji, praca z oporem i priorytetami<\/p>\n<hr \/>\n<h3>Prowadz\u0105ce<\/h3>\n<p><img loading=\"lazy\" decoding=\"async\" class=\"alignnone wp-image-2684 size-thumbnail\" src=\"https:\/\/coaching.edu.pl\/wp-content\/uploads\/2026\/04\/Clipboard_04-16-2026_01-150x150.png\" alt=\"\" width=\"150\" height=\"150\" srcset=\"https:\/\/coaching.edu.pl\/wp-content\/uploads\/2026\/04\/Clipboard_04-16-2026_01-150x150.png 150w, https:\/\/coaching.edu.pl\/wp-content\/uploads\/2026\/04\/Clipboard_04-16-2026_01-300x300.png 300w, https:\/\/coaching.edu.pl\/wp-content\/uploads\/2026\/04\/Clipboard_04-16-2026_01-360x361.png 360w, https:\/\/coaching.edu.pl\/wp-content\/uploads\/2026\/04\/Clipboard_04-16-2026_01-250x251.png 250w, https:\/\/coaching.edu.pl\/wp-content\/uploads\/2026\/04\/Clipboard_04-16-2026_01-100x100.png 100w, https:\/\/coaching.edu.pl\/wp-content\/uploads\/2026\/04\/Clipboard_04-16-2026_01.png 500w\" sizes=\"auto, (max-width: 150px) 100vw, 150px\" \/><\/p>\n<h3><a href=\"https:\/\/coaching.edu.pl\/?page_id=2676\">Joanna Karwowska-Koza<\/a><\/h3>\n<p><img loading=\"lazy\" decoding=\"async\" class=\"alignnone wp-image-2688 size-thumbnail\" src=\"https:\/\/coaching.edu.pl\/wp-content\/uploads\/2026\/04\/Karolina-Karolczak-500x500-kolo-150x150.png\" alt=\"\" width=\"150\" height=\"150\" srcset=\"https:\/\/coaching.edu.pl\/wp-content\/uploads\/2026\/04\/Karolina-Karolczak-500x500-kolo-150x150.png 150w, https:\/\/coaching.edu.pl\/wp-content\/uploads\/2026\/04\/Karolina-Karolczak-500x500-kolo-300x300.png 300w, https:\/\/coaching.edu.pl\/wp-content\/uploads\/2026\/04\/Karolina-Karolczak-500x500-kolo-360x360.png 360w, https:\/\/coaching.edu.pl\/wp-content\/uploads\/2026\/04\/Karolina-Karolczak-500x500-kolo-250x250.png 250w, https:\/\/coaching.edu.pl\/wp-content\/uploads\/2026\/04\/Karolina-Karolczak-500x500-kolo-100x100.png 100w, https:\/\/coaching.edu.pl\/wp-content\/uploads\/2026\/04\/Karolina-Karolczak-500x500-kolo.png 500w\" sizes=\"auto, (max-width: 150px) 100vw, 150px\" \/><\/p>\n<h3><a href=\"https:\/\/coaching.edu.pl\/?page_id=2680\">Karolina Karolczak<\/a><\/h3>\n<h3>Termin, cena i zapisy<\/h3>\n<h4>Termin: 30- 31 maj 2026<br \/>\nCena: 2.500,- z\u0142<\/h4>\n<p>Podane ceny zawieraj\u0105 23% podatek VAT.<br \/>\nZaj\u0119cia prowadzone b\u0119d\u0105 stacjonarnie.<br \/>\nCena szkolenia zawiera:<br \/>\n\u25cf udzia\u0142 w unikalnym, 2-dniowym szkoleniu;<br \/>\n\u25cf materia\u0142y szkoleniowe;<br \/>\n\u25cf przerwy kawowe;<br \/>\n\u25cf certyfikat uko\u0144czenia szkolenia.<\/p>\n<h4>By zg\u0142osi\u0107 si\u0119 na warsztat:<\/h4>\n<p>1. <a href=\"https:\/\/coaching.edu.pl\/wp-content\/uploads\/2026\/04\/Formularz-zgloszeniowy-Zbuduj-silna-marke-Coacha-i-Mentora-ktora-przyciaga-klientow-1.docx\">Pobierz i wype\u0142nij formularz zg\u0142oszeniowy.<\/a><br \/>\n2. Prze\u015blij formularz na adres kontakt@ccinnovation.pl.<br \/>\n3. Wp\u0142a\u0107 nale\u017cno\u015b\u0107 za kurs.<\/p>\n","protected":false},"excerpt":{"rendered":"<p>Cel warsztatu Celem warsztatu jest rozwini\u0119cie umiej\u0119tno\u015bci \u015bwiadomego budowania marki osobistej oraz tworzenia i wdra\u017cania strategii marketingowej wspieraj\u0105cej rozw\u00f3j praktyki coachingowej lub mentoringowej. Uczestnicy poznaj\u0105 narz\u0119dzia i podej\u015bcia, kt\u00f3re pozwalaj\u0105 zwi\u0119kszy\u0107 rozpoznawalno\u015b\u0107, precyzyjnie komunikowa\u0107 swoj\u0105 warto\u015b\u0107 oraz skutecznie dociera\u0107 do [&hellip;]<\/p>\n","protected":false},"author":1,"featured_media":1182,"parent":596,"menu_order":2,"comment_status":"closed","ping_status":"closed","template":"page-templates\/single-project.php","meta":{"footnotes":""},"class_list":["post-100","page","type-page","status-publish","has-post-thumbnail","hentry","clearfix"],"_links":{"self":[{"href":"https:\/\/coaching.edu.pl\/index.php?rest_route=\/wp\/v2\/pages\/100","targetHints":{"allow":["GET"]}}],"collection":[{"href":"https:\/\/coaching.edu.pl\/index.php?rest_route=\/wp\/v2\/pages"}],"about":[{"href":"https:\/\/coaching.edu.pl\/index.php?rest_route=\/wp\/v2\/types\/page"}],"author":[{"embeddable":true,"href":"https:\/\/coaching.edu.pl\/index.php?rest_route=\/wp\/v2\/users\/1"}],"replies":[{"embeddable":true,"href":"https:\/\/coaching.edu.pl\/index.php?rest_route=%2Fwp%2Fv2%2Fcomments&post=100"}],"version-history":[{"count":16,"href":"https:\/\/coaching.edu.pl\/index.php?rest_route=\/wp\/v2\/pages\/100\/revisions"}],"predecessor-version":[{"id":2740,"href":"https:\/\/coaching.edu.pl\/index.php?rest_route=\/wp\/v2\/pages\/100\/revisions\/2740"}],"up":[{"embeddable":true,"href":"https:\/\/coaching.edu.pl\/index.php?rest_route=\/wp\/v2\/pages\/596"}],"wp:featuredmedia":[{"embeddable":true,"href":"https:\/\/coaching.edu.pl\/index.php?rest_route=\/wp\/v2\/media\/1182"}],"wp:attachment":[{"href":"https:\/\/coaching.edu.pl\/index.php?rest_route=%2Fwp%2Fv2%2Fmedia&parent=100"}],"curies":[{"name":"wp","href":"https:\/\/api.w.org\/{rel}","templated":true}]}}