{"id":2336,"date":"2024-01-10T18:14:33","date_gmt":"2024-01-10T18:14:33","guid":{"rendered":"https:\/\/coaching.edu.pl\/?page_id=2336"},"modified":"2026-04-08T09:09:18","modified_gmt":"2026-04-08T09:09:18","slug":"edycja-jesienna-2024","status":"publish","type":"page","link":"https:\/\/coaching.edu.pl\/?page_id=2336","title":{"rendered":"Edycja jesienna on-line 2026"},"content":{"rendered":"<h3><\/h3>\n<hr \/>\n<h3 style=\"text-align: center;\"><span style=\"color: #ff6600;\">Nab\u00f3r rozpocz\u0119ty!<\/span><\/h3>\n<h3 style=\"text-align: center;\"><span style=\"color: #000000; font-size: medium;\">Studium Coachingu i Mentoringu MLC jesie\u0144\u00a0 2026 on-line<\/span><\/h3>\n<hr \/>\n<p><img loading=\"lazy\" decoding=\"async\" class=\"alignnone wp-image-2105 size-full\" style=\"font-size: 16px;\" src=\"https:\/\/coaching.edu.pl\/wp-content\/uploads\/2022\/05\/Fotolia_1674946_Subscription_Monthly_L-scaled.jpg\" alt=\"\" width=\"2560\" height=\"1719\" srcset=\"https:\/\/coaching.edu.pl\/wp-content\/uploads\/2022\/05\/Fotolia_1674946_Subscription_Monthly_L-scaled.jpg 2560w, https:\/\/coaching.edu.pl\/wp-content\/uploads\/2022\/05\/Fotolia_1674946_Subscription_Monthly_L-300x201.jpg 300w, https:\/\/coaching.edu.pl\/wp-content\/uploads\/2022\/05\/Fotolia_1674946_Subscription_Monthly_L-1024x688.jpg 1024w, https:\/\/coaching.edu.pl\/wp-content\/uploads\/2022\/05\/Fotolia_1674946_Subscription_Monthly_L-768x516.jpg 768w, https:\/\/coaching.edu.pl\/wp-content\/uploads\/2022\/05\/Fotolia_1674946_Subscription_Monthly_L-1536x1031.jpg 1536w, https:\/\/coaching.edu.pl\/wp-content\/uploads\/2022\/05\/Fotolia_1674946_Subscription_Monthly_L-2048x1375.jpg 2048w, https:\/\/coaching.edu.pl\/wp-content\/uploads\/2022\/05\/Fotolia_1674946_Subscription_Monthly_L-700x470.jpg 700w, https:\/\/coaching.edu.pl\/wp-content\/uploads\/2022\/05\/Fotolia_1674946_Subscription_Monthly_L-520x349.jpg 520w, https:\/\/coaching.edu.pl\/wp-content\/uploads\/2022\/05\/Fotolia_1674946_Subscription_Monthly_L-360x242.jpg 360w, https:\/\/coaching.edu.pl\/wp-content\/uploads\/2022\/05\/Fotolia_1674946_Subscription_Monthly_L-250x168.jpg 250w, https:\/\/coaching.edu.pl\/wp-content\/uploads\/2022\/05\/Fotolia_1674946_Subscription_Monthly_L-100x67.jpg 100w, https:\/\/coaching.edu.pl\/wp-content\/uploads\/2022\/05\/Fotolia_1674946_Subscription_Monthly_L-272x182.jpg 272w\" sizes=\"auto, (max-width: 2560px) 100vw, 2560px\" \/><\/p>\n<h3>Cz\u0119\u015b\u0107 szkoleniowa oraz integracja i ewaluacja<\/h3>\n<p>&nbsp;<\/p>\n<table>\n<tbody>\n<tr>\n<th><\/th>\n<th>TYTU\u0141<\/th>\n<\/tr>\n<tr>\n<td><strong>ZJAZD I<\/strong><br \/>\n<span style=\"color: #000000;\">14-15 listopada 2026<\/span><\/td>\n<td>Inauguracja<\/p>\n<ul>\n<li>Wyk\u0142ad: <a href=\"http:\/\/www.coaching.edu.pl\/?page_id=534\" target=\"_blank\" rel=\"noopener noreferrer\" data-saferedirecturl=\"https:\/\/www.google.com\/url?hl=pl&amp;q=http:\/\/www.coaching.edu.pl\/?page_id%3D534&amp;source=gmail&amp;ust=1511003203174000&amp;usg=AFQjCNG1N2OESQAD5LIieeE2xa3oO70IsQ\">Coaching i mentor-coaching \u2014 metoda, funkcje, uwarunkowania<\/a><\/li>\n<li>Warsztat: <a href=\"http:\/\/www.coaching.edu.pl\/?page_id=802\" target=\"_blank\" rel=\"noopener noreferrer\" data-saferedirecturl=\"https:\/\/www.google.com\/url?hl=pl&amp;q=http:\/\/www.coaching.edu.pl\/?page_id%3D802&amp;source=gmail&amp;ust=1511003203174000&amp;usg=AFQjCNHyd9wHhHHqXptB7oiGBwGSbeRFdg\">Umiej\u0119tno\u015bci komunikowania si\u0119, wp\u0142yw na innych oraz motywowanie cz.I<\/a><\/li>\n<\/ul>\n<\/td>\n<\/tr>\n<tr>\n<td><strong>ZJAZD II<\/strong><br \/>\n<span style=\"color: #000000;\">28-29 listopada 2026<\/span><\/td>\n<td>\n<ul>\n<li>Wyk\u0142ad: <a href=\"http:\/\/www.coaching.edu.pl\/?page_id=534\" target=\"_blank\" rel=\"noopener noreferrer\" data-saferedirecturl=\"https:\/\/www.google.com\/url?hl=pl&amp;q=http:\/\/www.coaching.edu.pl\/?page_id%3D534&amp;source=gmail&amp;ust=1511003203174000&amp;usg=AFQjCNG1N2OESQAD5LIieeE2xa3oO70IsQ\">Coaching i mentor-coaching \u2014 metoda, funkcje, uwarunkowania<\/a><\/li>\n<li>Warsztat: <a href=\"http:\/\/www.coaching.edu.pl\/?page_id=802\" target=\"_blank\" rel=\"noopener noreferrer\" data-saferedirecturl=\"https:\/\/www.google.com\/url?hl=pl&amp;q=http:\/\/www.coaching.edu.pl\/?page_id%3D802&amp;source=gmail&amp;ust=1511003203174000&amp;usg=AFQjCNHyd9wHhHHqXptB7oiGBwGSbeRFdg\">Umiej\u0119tno\u015bci komunikowania si\u0119, wp\u0142yw na innych oraz motywowanie cz.II<\/a><\/li>\n<li>Warsztat: <a href=\"http:\/\/www.coaching.edu.pl\/?page_id=542\" target=\"_blank\" rel=\"noopener noreferrer\" data-saferedirecturl=\"https:\/\/www.google.com\/url?hl=pl&amp;q=http:\/\/www.coaching.edu.pl\/?page_id%3D542&amp;source=gmail&amp;ust=1511003203174000&amp;usg=AFQjCNGBrKKowMLGuKcCGxhsPgC5QqZ3OQ\">\u015awiadomo\u015b\u0107 i nie\u015bwiadomo\u015b\u0107, czynniki maj\u0105ce wp\u0142yw na emocje, \u017ar\u00f3d\u0142a tzw. wewn\u0119trznej motywacji i kreatywno\u015bci cz.I<\/a><\/li>\n<\/ul>\n<\/td>\n<\/tr>\n<tr>\n<td><strong>ZJAZD III<\/strong><br \/>\n<span style=\"color: #000000;\">12-13 grudnia 2026<\/span><\/td>\n<td>\n<ul>\n<li>Warsztat: <a href=\"http:\/\/www.coaching.edu.pl\/?page_id=542\" target=\"_blank\" rel=\"noopener noreferrer\" data-saferedirecturl=\"https:\/\/www.google.com\/url?hl=pl&amp;q=http:\/\/www.coaching.edu.pl\/?page_id%3D542&amp;source=gmail&amp;ust=1511003203174000&amp;usg=AFQjCNGBrKKowMLGuKcCGxhsPgC5QqZ3OQ\">\u015awiadomo\u015b\u0107 i nie\u015bwiadomo\u015b\u0107, czynniki maj\u0105ce wp\u0142yw na emocje, \u017ar\u00f3d\u0142a tzw. wewn\u0119trznej motywacji i kreatywno\u015bci cz.II<\/a><\/li>\n<\/ul>\n<\/td>\n<\/tr>\n<tr>\n<td><strong>ZJAZD IV<\/strong><br \/>\n<span style=\"color: #000000;\">9-10 stycznia 2027<\/span><\/td>\n<td rowspan=\"3\">\n<ul>\n<li>Warsztat: <a href=\"http:\/\/www.coaching.edu.pl\/?page_id=544\" target=\"_blank\" rel=\"noopener noreferrer\" data-saferedirecturl=\"https:\/\/www.google.com\/url?hl=pl&amp;q=http:\/\/www.coaching.edu.pl\/?page_id%3D544&amp;source=gmail&amp;ust=1511003203174000&amp;usg=AFQjCNHzmJjiuk-MI_P_3AEwbR1t57jN3A\">Proces oraz techniki pracy w coachingu i mentor-coachingu indywidualnym<\/a><\/li>\n<\/ul>\n<\/td>\n<\/tr>\n<tr>\n<td><strong>ZJAZD V<\/strong><br \/>\n<span style=\"color: #000000;\">23-24 stycznia 2027<\/span><\/td>\n<\/tr>\n<tr>\n<td><strong>ZJAZD VI<\/strong><br \/>\n<span style=\"color: #000000;\">6-7 lutego 2027<\/span><\/td>\n<\/tr>\n<tr>\n<td><strong>ZJAZD VII<\/strong><br \/>\n<span style=\"color: #000000;\">20-21 lutego 2027<\/span><\/td>\n<td>\n<ul>\n<li>Seminarium: <a href=\"http:\/\/www.coaching.edu.pl\/?page_id=550\" target=\"_blank\" rel=\"noopener noreferrer\" data-saferedirecturl=\"https:\/\/www.google.com\/url?hl=pl&amp;q=http:\/\/www.coaching.edu.pl\/?page_id%3D550&amp;source=gmail&amp;ust=1511003203174000&amp;usg=AFQjCNEyVfrHm0IFmA0090w--jsmY8w7Pw\">Projekt coachingu i mentor-coachingu w organizacji, kontrakt, zasady etyczne<\/a><\/li>\n<\/ul>\n<\/td>\n<\/tr>\n<tr>\n<td><strong>ZJAZD VIII<\/strong><br \/>\n<span style=\"color: #ff0000;\"><span style=\"color: #000000;\">12-14 marca 2027<\/span><\/span><span style=\"color: #ff0000; font-family: inherit; font-size: inherit;\">\u00a0<\/span><\/td>\n<td>\n<ul>\n<li>Warsztat: <a href=\"http:\/\/www.coaching.edu.pl\/?page_id=558\" target=\"_blank\" rel=\"noopener noreferrer\" data-saferedirecturl=\"https:\/\/www.google.com\/url?hl=pl&amp;q=http:\/\/www.coaching.edu.pl\/?page_id%3D558&amp;source=gmail&amp;ust=1511003203174000&amp;usg=AFQjCNFdSvttCL1BmIuG-XY1uTmoCkPkkg\">Coaching zespo\u0142u<\/a><\/li>\n<\/ul>\n<\/td>\n<\/tr>\n<tr>\n<td><strong>ZJAZD IX<\/strong> 10-11 kwietnia 2027<\/td>\n<td>\n<ul>\n<li>Warsztat: <a href=\"http:\/\/www.coaching.edu.pl\/?page_id=561\" target=\"_blank\" rel=\"noopener noreferrer\" data-saferedirecturl=\"https:\/\/www.google.com\/url?hl=pl&amp;q=http:\/\/www.coaching.edu.pl\/?page_id%3D561&amp;source=gmail&amp;ust=1511003203174000&amp;usg=AFQjCNFmjbvGP1wgf_u_R20tDfr_jE4oXQ\">Integracja i ewaluacja<\/a><\/li>\n<\/ul>\n<\/td>\n<\/tr>\n<\/tbody>\n<\/table>\n<hr \/>\n<p>&nbsp;<\/p>\n<hr \/>\n<h3>Praktyka w roli coacha i mentora<\/h3>\n<table style=\"width: 100%;\">\n<tbody>\n<tr>\n<th style=\"text-align: left;\"><a href=\"http:\/\/www.coaching.edu.pl\/?page_id=546\">GRUPY ROBOCZE<\/a><\/th>\n<td style=\"text-align: left;\">Tworzone s\u0105 przez uczestnik\u00f3w celem prze\u0107wiczenia i powt\u00f3rzenia materia\u0142u przerabianego na zaj\u0119ciach. Uczestnicy organizuj\u0105 spotkania grup roboczych we w\u0142asnym zakresie. Optymalna liczebno\u015b\u0107 grupy: 3 osoby. Mog\u0105 by\u0107 realizowane po uko\u0144czeniu zjazdu 4 i przed zjazdem 9.<\/td>\n<\/tr>\n<tr>\n<th style=\"text-align: left;\"><a href=\"http:\/\/www.coaching.edu.pl\/?page_id=552\">TRENINGOWE SESJE COACHINGU I MENTORINGU<\/a><\/th>\n<td style=\"text-align: left;\">Sesje coachingu czy mentoringu z realnym klientem uczestnicy ustalaj\u0105 we w\u0142asnym zakresie. W ramach Studium trzeba odby\u0107 5 treningowych sesji (z jednym klientem lub kilkoma; \u0142\u0105cznie powinno by\u0107 nie mniej ni\u017c 5 sesji). Uczestnik przygotowuje raport z przyk\u0142adowej, jednej sesji z danym klientem, kt\u00f3ry to raport jest zobowi\u0105zany dostarczy\u0107 superwizorowi przed superwizj\u0105 (mo\u017ce by\u0107 drog\u0105 mailow\u0105). Sesje coachingu czy mentoringu z realnym klientem mog\u0105 by\u0107 realizowane po uko\u0144czeniu zjazdu 7 i przed zjazdem 9.<\/td>\n<\/tr>\n<tr>\n<th style=\"text-align: left;\"><a href=\"http:\/\/www.coaching.edu.pl\/?page_id=548\">MENTORING<\/a><\/th>\n<td>Obligatoryjna jest jedna sesja z mentorem po uko\u0144czeniu zjazdu 6 i przed zjazdem 9. Podczas tej sesji mentor udziela uczestnikowi informacji zwrotnych na podstawie nagrania przeprowadzonej sesji coachingu odbywaj\u0105cej si\u0119 podczas zjazdu 6. Spotkania\/konsultacje telefoniczne i mailowe z mentorem ustalane s\u0105 indywidualnie z mentorem. Mog\u0105 by\u0107 realizowane przez ca\u0142y czas Studium Coachingu i Mentoringu MLC zale\u017cnie od potrzeb uczestnika.<\/td>\n<\/tr>\n<tr>\n<th style=\"text-align: left;\"><a href=\"http:\/\/www.coaching.edu.pl\/?page_id=554\">SUPERWIZJA INDYWIDUALNA<\/a><\/th>\n<td>Wymagane jest wcze\u015bniejsze zrealizowanie treningowej sesji coachingu czy mentoringu z realnym klientem. Termin ustalany indywidualnie z sekretariatem. Mo\u017ce by\u0107 realizowana po uko\u0144czeniu zjazdu 7 i przed zjazdem 9.<\/td>\n<\/tr>\n<tr>\n<th style=\"text-align: left;\"><a href=\"http:\/\/www.coaching.edu.pl\/?page_id=554\">SUPERWIZJA GRUPOWA<\/a><\/th>\n<td>Wymagane jest wcze\u015bniejsze zrealizowanie co najmniej jednej treningowej sesji coachingu czy mentoringu z realnym klientem. Superwizja odbywa si\u0119 w grupach 3-4 osobowych. Po dobraniu si\u0119 w 3-4 osobowe grupy terminy superwizji uczestnicy ustalaj\u0105 z sekretariatem. Mo\u017ce by\u0107 realizowana po uko\u0144czeniu zjazdu 7 i przed zjazdem 9.<\/td>\n<\/tr>\n<\/tbody>\n<\/table>\n","protected":false},"excerpt":{"rendered":"<p>Nab\u00f3r rozpocz\u0119ty! Studium Coachingu i Mentoringu MLC jesie\u0144\u00a0 2026 on-line Cz\u0119\u015b\u0107 szkoleniowa oraz integracja i ewaluacja &nbsp; TYTU\u0141 ZJAZD I 14-15 listopada 2026 Inauguracja Wyk\u0142ad: Coaching i mentor-coaching \u2014 metoda, funkcje, uwarunkowania Warsztat: Umiej\u0119tno\u015bci komunikowania si\u0119, wp\u0142yw na innych oraz [&hellip;]<\/p>\n","protected":false},"author":1,"featured_media":0,"parent":0,"menu_order":0,"comment_status":"closed","ping_status":"closed","template":"","meta":{"footnotes":""},"class_list":["post-2336","page","type-page","status-publish","hentry","clearfix"],"_links":{"self":[{"href":"https:\/\/coaching.edu.pl\/index.php?rest_route=\/wp\/v2\/pages\/2336","targetHints":{"allow":["GET"]}}],"collection":[{"href":"https:\/\/coaching.edu.pl\/index.php?rest_route=\/wp\/v2\/pages"}],"about":[{"href":"https:\/\/coaching.edu.pl\/index.php?rest_route=\/wp\/v2\/types\/page"}],"author":[{"embeddable":true,"href":"https:\/\/coaching.edu.pl\/index.php?rest_route=\/wp\/v2\/users\/1"}],"replies":[{"embeddable":true,"href":"https:\/\/coaching.edu.pl\/index.php?rest_route=%2Fwp%2Fv2%2Fcomments&post=2336"}],"version-history":[{"count":27,"href":"https:\/\/coaching.edu.pl\/index.php?rest_route=\/wp\/v2\/pages\/2336\/revisions"}],"predecessor-version":[{"id":2662,"href":"https:\/\/coaching.edu.pl\/index.php?rest_route=\/wp\/v2\/pages\/2336\/revisions\/2662"}],"wp:attachment":[{"href":"https:\/\/coaching.edu.pl\/index.php?rest_route=%2Fwp%2Fv2%2Fmedia&parent=2336"}],"curies":[{"name":"wp","href":"https:\/\/api.w.org\/{rel}","templated":true}]}}