{"id":2676,"date":"2026-04-15T15:41:56","date_gmt":"2026-04-15T15:41:56","guid":{"rendered":"https:\/\/coaching.edu.pl\/?page_id=2676"},"modified":"2026-04-16T18:19:03","modified_gmt":"2026-04-16T18:19:03","slug":"joanna-karwowska-koza","status":"publish","type":"page","link":"https:\/\/coaching.edu.pl\/?page_id=2676","title":{"rendered":"Joanna Karwowska-Koza"},"content":{"rendered":"<h4>Strategy &amp; Growth Director, Publicis Warsaw | Coachka i Mentorka MLC specjalizuj\u0105ca<br \/>\nsi\u0119 w pracy z biznesem<\/h4>\n<p>Do\u015bwiadczona liderka i ekspertka w obszarze strategii marketingowych oraz komunikacji marek. Od ponad 20 lat wspiera rozw\u00f3j firm i ludzi, \u0142\u0105cz\u0105c podej\u015bcie biznesowe z wiedz\u0105 psychologiczn\u0105.<br \/>\nPsycholo\u017cka Uniwersytet Warszawski, coach biznesu, trenerka i wyk\u0142adowczyni. Prowadzi zaj\u0119cia m.in. w Stowarzyszenie Komunikacji Marketingowej SAR oraz Collegium Civitas.<br \/>\nAnga\u017cuje si\u0119 w dzia\u0142ania mentoringowe i rozwojowe, wspieraj\u0105c lider\u00f3w oraz osoby buduj\u0105ce swoj\u0105 mark\u0119 eksperck\u0105.<br \/>\nZ bran\u017c\u0105 marketingow\u0105 zwi\u0105zana od ponad dw\u00f3ch dekad. Do\u015bwiadczenie zdobywa\u0142a zar\u00f3wno po stronie agencji (Publicis, DDB, Grey), jak i klienta \u2013 jako Marketing Strategy<br \/>\nDirector w TVN Warner Bros. Discovery.<br \/>\nObecnie w Publicis Worldwide zarz\u0105dza zespo\u0142em Strategy &amp; Growth, odpowiedzialnym za rozw\u00f3j narz\u0119dzi strategicznych, optymalizacj\u0119 proces\u00f3w oraz tworzenie strategii dla<br \/>\nnajwi\u0119kszych marek.<br \/>\nWsp\u00f3\u0142pracowa\u0142a m.in. z: BNP Paribas, Mondelez, Media Markt, Nestl\u00e9, Garnier, Renault.<br \/>\nJurorka konkurs\u00f3w bran\u017cowych, takich jak Effie Awards, Innovation Awards oraz KTR Young<br \/>\nCreatives Cannes.<br \/>\nSpecjalizuje si\u0119 w:<br \/>\n\u25cf budowaniu strategii marketingowych i komunikacyjnych<br \/>\n\u25cf rozwoju marek i ich pozycjonowaniu<br \/>\n\u25cf pracy z liderami i ekspertami nad mark\u0105 osobist\u0105<br \/>\n\u25cf \u0142\u0105czeniu perspektywy biznesowej i psychologicznej w rozwoju<\/p>\n","protected":false},"excerpt":{"rendered":"<p>Strategy &amp; Growth Director, Publicis Warsaw | Coachka i Mentorka MLC specjalizuj\u0105ca si\u0119 w pracy z biznesem Do\u015bwiadczona liderka i ekspertka w obszarze strategii marketingowych oraz komunikacji marek. Od ponad 20 lat wspiera rozw\u00f3j firm i ludzi, \u0142\u0105cz\u0105c podej\u015bcie biznesowe [&hellip;]<\/p>\n","protected":false},"author":1,"featured_media":2679,"parent":502,"menu_order":4,"comment_status":"closed","ping_status":"closed","template":"page-templates\/single-employee.php","meta":{"footnotes":""},"class_list":["post-2676","page","type-page","status-publish","has-post-thumbnail","hentry","clearfix"],"_links":{"self":[{"href":"https:\/\/coaching.edu.pl\/index.php?rest_route=\/wp\/v2\/pages\/2676","targetHints":{"allow":["GET"]}}],"collection":[{"href":"https:\/\/coaching.edu.pl\/index.php?rest_route=\/wp\/v2\/pages"}],"about":[{"href":"https:\/\/coaching.edu.pl\/index.php?rest_route=\/wp\/v2\/types\/page"}],"author":[{"embeddable":true,"href":"https:\/\/coaching.edu.pl\/index.php?rest_route=\/wp\/v2\/users\/1"}],"replies":[{"embeddable":true,"href":"https:\/\/coaching.edu.pl\/index.php?rest_route=%2Fwp%2Fv2%2Fcomments&post=2676"}],"version-history":[{"count":1,"href":"https:\/\/coaching.edu.pl\/index.php?rest_route=\/wp\/v2\/pages\/2676\/revisions"}],"predecessor-version":[{"id":2678,"href":"https:\/\/coaching.edu.pl\/index.php?rest_route=\/wp\/v2\/pages\/2676\/revisions\/2678"}],"up":[{"embeddable":true,"href":"https:\/\/coaching.edu.pl\/index.php?rest_route=\/wp\/v2\/pages\/502"}],"wp:featuredmedia":[{"embeddable":true,"href":"https:\/\/coaching.edu.pl\/index.php?rest_route=\/wp\/v2\/media\/2679"}],"wp:attachment":[{"href":"https:\/\/coaching.edu.pl\/index.php?rest_route=%2Fwp%2Fv2%2Fmedia&parent=2676"}],"curies":[{"name":"wp","href":"https:\/\/api.w.org\/{rel}","templated":true}]}}