{"id":552,"date":"2017-07-31T15:23:41","date_gmt":"2017-07-31T15:23:41","guid":{"rendered":"https:\/\/econlp.home.pl\/autoinstalator\/wordpress3\/?page_id=552"},"modified":"2023-02-04T18:55:15","modified_gmt":"2023-02-04T18:55:15","slug":"treningowe-sesje-coachingu","status":"publish","type":"page","link":"https:\/\/coaching.edu.pl\/?page_id=552","title":{"rendered":"Treningowe sesje coachingu i mentoringu"},"content":{"rendered":"<h4><img loading=\"lazy\" decoding=\"async\" class=\"alignnone wp-image-1179 size-full\" src=\"https:\/\/econlp.home.pl\/autoinstalator\/wordpress3\/wp-content\/uploads\/2016\/02\/rozwoj-coacha-grafiki_sesje-treningowe.png\" alt=\"\" width=\"1000\" height=\"666\" srcset=\"https:\/\/coaching.edu.pl\/wp-content\/uploads\/2016\/02\/rozwoj-coacha-grafiki_sesje-treningowe.png 1000w, https:\/\/coaching.edu.pl\/wp-content\/uploads\/2016\/02\/rozwoj-coacha-grafiki_sesje-treningowe-300x200.png 300w, https:\/\/coaching.edu.pl\/wp-content\/uploads\/2016\/02\/rozwoj-coacha-grafiki_sesje-treningowe-768x511.png 768w, https:\/\/coaching.edu.pl\/wp-content\/uploads\/2016\/02\/rozwoj-coacha-grafiki_sesje-treningowe-700x466.png 700w, https:\/\/coaching.edu.pl\/wp-content\/uploads\/2016\/02\/rozwoj-coacha-grafiki_sesje-treningowe-520x346.png 520w, https:\/\/coaching.edu.pl\/wp-content\/uploads\/2016\/02\/rozwoj-coacha-grafiki_sesje-treningowe-360x240.png 360w, https:\/\/coaching.edu.pl\/wp-content\/uploads\/2016\/02\/rozwoj-coacha-grafiki_sesje-treningowe-250x167.png 250w, https:\/\/coaching.edu.pl\/wp-content\/uploads\/2016\/02\/rozwoj-coacha-grafiki_sesje-treningowe-100x67.png 100w, https:\/\/coaching.edu.pl\/wp-content\/uploads\/2016\/02\/rozwoj-coacha-grafiki_sesje-treningowe-272x182.png 272w\" sizes=\"auto, (max-width: 1000px) 100vw, 1000px\" \/><\/h4>\n<h4>5 sesji<\/h4>\n<p>Sesje coachingu czy mentoringuz realnym klientem uczestnicy ustalaj\u0105 we w\u0142asnym zakresie.<br \/>\nW ramach Studium trzeba odby\u0107 5 treningowych sesji (z jednym klientem lub kilkoma). \u0141\u0105cznie powinno by\u0107 nie mniej ni\u017c 5 sesji. Uczestnik przygotowuje raport z jednej, wybranej sesji. Raport nale\u017cy dostarczy\u0107 do biura (mo\u017ce by\u0107 drog\u0105 mailow\u0105) przed superwizj\u0105.<br \/>\nSesje coachingu lub mentoringu z realnym klientem mog\u0105 by\u0107 realizowane po uko\u0144czeniu zjazdu 7 \u2013 po seminarium \u201eProjekt coachingu i mentoringu w organizacji, kontrakt, zasady etyczne\u201d i przed zjazdem 9.<\/p>\n","protected":false},"excerpt":{"rendered":"<p>5 sesji Sesje coachingu czy mentoringuz realnym klientem uczestnicy ustalaj\u0105 we w\u0142asnym zakresie. W ramach Studium trzeba odby\u0107 5 treningowych sesji (z jednym klientem lub kilkoma). \u0141\u0105cznie powinno by\u0107 nie mniej ni\u017c 5 sesji. Uczestnik przygotowuje raport z jednej, wybranej [&hellip;]<\/p>\n","protected":false},"author":1,"featured_media":0,"parent":530,"menu_order":8,"comment_status":"closed","ping_status":"closed","template":"","meta":{"footnotes":""},"class_list":["post-552","page","type-page","status-publish","hentry","clearfix"],"_links":{"self":[{"href":"https:\/\/coaching.edu.pl\/index.php?rest_route=\/wp\/v2\/pages\/552","targetHints":{"allow":["GET"]}}],"collection":[{"href":"https:\/\/coaching.edu.pl\/index.php?rest_route=\/wp\/v2\/pages"}],"about":[{"href":"https:\/\/coaching.edu.pl\/index.php?rest_route=\/wp\/v2\/types\/page"}],"author":[{"embeddable":true,"href":"https:\/\/coaching.edu.pl\/index.php?rest_route=\/wp\/v2\/users\/1"}],"replies":[{"embeddable":true,"href":"https:\/\/coaching.edu.pl\/index.php?rest_route=%2Fwp%2Fv2%2Fcomments&post=552"}],"version-history":[{"count":4,"href":"https:\/\/coaching.edu.pl\/index.php?rest_route=\/wp\/v2\/pages\/552\/revisions"}],"predecessor-version":[{"id":2189,"href":"https:\/\/coaching.edu.pl\/index.php?rest_route=\/wp\/v2\/pages\/552\/revisions\/2189"}],"up":[{"embeddable":true,"href":"https:\/\/coaching.edu.pl\/index.php?rest_route=\/wp\/v2\/pages\/530"}],"wp:attachment":[{"href":"https:\/\/coaching.edu.pl\/index.php?rest_route=%2Fwp%2Fv2%2Fmedia&parent=552"}],"curies":[{"name":"wp","href":"https:\/\/api.w.org\/{rel}","templated":true}]}}