{"id":713,"date":"2017-08-01T18:27:45","date_gmt":"2017-08-01T18:27:45","guid":{"rendered":"https:\/\/econlp.home.pl\/autoinstalator\/wordpress3\/?page_id=713"},"modified":"2019-07-10T16:26:54","modified_gmt":"2019-07-10T16:26:54","slug":"malgorzata-rokicka","status":"publish","type":"page","link":"https:\/\/coaching.edu.pl\/?page_id=713","title":{"rendered":""},"content":{"rendered":"<h3>Ma\u0142gorzata Rokicka<\/h3>\n<h5><b>COACH &amp; TRENER Inteligencji Emocjonalnej <\/b><b>ZOOPSYCHOLOG, BEHAWIORYSTA, Biolog<\/b><\/h5>\n<h5><b>W\u0142a\u015bcicielka firmy TO INSPIRE<\/b><\/h5>\n<p><em>Nauka w\u00a0szkole CC Innovation to jedna ze wspanialszych rzeczy, jakie mi si\u0119 w\u00a0\u017cyciu przytrafi\u0142y! Mia\u0142am przyjemno\u015b\u0107 uczestniczy\u0107 w\u00a0Studium Coachingu MLC. Wybra\u0142am te studia w\u0142a\u015bnie ze wzgl\u0119du na wielopoziomowe podej\u015bcie do coachingu. <\/em><!--more--><\/p>\n<p><em>W\u00a0pracy bowiem najwa\u017cniejsze s\u0105 dla mnie wolno\u015b\u0107 i\u00a0elastyczno\u015b\u0107, mo\u017cliwo\u015b\u0107 czerpania wiedzy z\u00a0r\u00f3\u017cnych \u017ar\u00f3de\u0142 oraz nieustanny rozw\u00f3j. To wszystko znalaz\u0142am tutaj. Dodatkowo, ogromn\u0105 warto\u015bci\u0105 tych studi\u00f3w jest zapewnienie du\u017cej dawki praktyki ju\u017c podczas trwania nauki. Zdobywanie do\u015bwiadczenia pod okiem profesjonalist\u00f3w jest bezcenne. Czas sp\u0119dzony z\u00a0CC Innovation to jeden z\u00a0pi\u0119kniejszych moment\u00f3w w\u00a0moim \u017cyciu. Cudowna atmosfera, profesjonalne podej\u015bcie, ogrom wiedzy, kt\u00f3r\u0105 Prowadz\u0105cy tak hojnie si\u0119 dziel\u0105. Dzi\u0119kuj\u0119 bardzo za t\u0119 pi\u0119kn\u0105 podr\u00f3\u017c i\u00a0z\u00a0ca\u0142ego serca polecam ka\u017cdemu!<\/em><\/p>\n<h6><\/h6>\n","protected":false},"excerpt":{"rendered":"<p>Ma\u0142gorzata Rokicka COACH &amp; TRENER Inteligencji Emocjonalnej ZOOPSYCHOLOG, BEHAWIORYSTA, Biolog W\u0142a\u015bcicielka firmy TO INSPIRE Nauka w\u00a0szkole CC Innovation to jedna ze wspanialszych rzeczy, jakie mi si\u0119 w\u00a0\u017cyciu przytrafi\u0142y! Mia\u0142am przyjemno\u015b\u0107 uczestniczy\u0107 w\u00a0Studium Coachingu MLC. Wybra\u0142am te studia w\u0142a\u015bnie ze wzgl\u0119du [&hellip;]<\/p>\n","protected":false},"author":1,"featured_media":0,"parent":827,"menu_order":4,"comment_status":"closed","ping_status":"closed","template":"page-templates\/single-testimonial.php","meta":{"footnotes":""},"class_list":["post-713","page","type-page","status-publish","hentry","clearfix"],"_links":{"self":[{"href":"https:\/\/coaching.edu.pl\/index.php?rest_route=\/wp\/v2\/pages\/713","targetHints":{"allow":["GET"]}}],"collection":[{"href":"https:\/\/coaching.edu.pl\/index.php?rest_route=\/wp\/v2\/pages"}],"about":[{"href":"https:\/\/coaching.edu.pl\/index.php?rest_route=\/wp\/v2\/types\/page"}],"author":[{"embeddable":true,"href":"https:\/\/coaching.edu.pl\/index.php?rest_route=\/wp\/v2\/users\/1"}],"replies":[{"embeddable":true,"href":"https:\/\/coaching.edu.pl\/index.php?rest_route=%2Fwp%2Fv2%2Fcomments&post=713"}],"version-history":[{"count":3,"href":"https:\/\/coaching.edu.pl\/index.php?rest_route=\/wp\/v2\/pages\/713\/revisions"}],"predecessor-version":[{"id":1810,"href":"https:\/\/coaching.edu.pl\/index.php?rest_route=\/wp\/v2\/pages\/713\/revisions\/1810"}],"up":[{"embeddable":true,"href":"https:\/\/coaching.edu.pl\/index.php?rest_route=\/wp\/v2\/pages\/827"}],"wp:attachment":[{"href":"https:\/\/coaching.edu.pl\/index.php?rest_route=%2Fwp%2Fv2%2Fmedia&parent=713"}],"curies":[{"name":"wp","href":"https:\/\/api.w.org\/{rel}","templated":true}]}}